z + -513. What are the prime factors of u?
2, 7, 31
Let j = 160 - 28. Suppose -j*f + 141*f - 3006 = 0. List the prime factors of f.
2, 167
Suppose k + 4*r - 20 = 0, 5*k - 2*k - 3*r = 0. Suppose s - k = 4. List the prime factors of 1306/8 + ((-58)/s - -7).
163
Let w be 117*(2/6 + (-624)/(-144)). Suppose 0 = 4*b - b. Suppose -j = -z - 192, -3*j - z - 2*z + w = b. List the prime factors of j.
11, 17
Let i(z) = -z - 11. Let n be i(-11). Suppose -2*o - 6 = -n. List the prime factors of ((-12)/(-8))/(o/(-82)).
41
Let n = -12177 - -23643. What are the prime factors of n?
2, 3, 7, 13
Suppose 4*c + 71*c + 127658 = 957008. List the prime factors of c.
2, 3, 19, 97
Let a = 201 + -199. Let d(r) = 17*r**2 - 3*r + 3. List the prime factors of d(a).
5, 13
Let p = 100716 + -35365. What are the prime factors of p?
11, 13, 457
Let k be (-334)/(-12)*2 + (-20)/(-60). Let q be 2*(-2)/(-4)*(3 - k). Let x = 1 - q. What are the prime factors of x?
2, 3
Let o = 14418 - -43297. What are the prime factors of o?
5, 7, 17, 97
Suppose 64 = 7*z + 50. Suppose 0 = -4*l + z*i + 2182, 1636 = l + 2*l - 2*i. List the prime factors of l.
2, 3, 7, 13
Let z be (4 - -2)*(21/(-6))/7. Let u(h) = 14*h + 63. List the prime factors of u(z).
3, 7
Let i(k) = 5*k**2 - 8*k - 15. Suppose 0 = 30*z - 29*z - 1. Let o be (-172)/(-22) + 18/(-22) + z. List the prime factors of i(o).
241
Suppose -4*s = -6*g + 9*g - 19, 3*s + g = 13. Let f(m) = 30*m**2 + 5*m - 33. List the prime factors of f(s).
467
Suppose -5*d - 33 = -4*g, 4*g - 3*d - 18 = 21. Let a = g + -7. Suppose a*i + 2*n = 166, -21 = 4*i - 5*n - 134. What are the prime factors of i?
2
Let q = 12 - 12. Suppose q*f = -i - f - 259, 4*i = 5*f - 1045. Let h = -147 - i. What are the prime factors of h?
113
Let w = -14569 + 22859. What are the prime factors of w?
2, 5, 829
Let n(z) = 32*z**2 + 22*z + 37*z - 10*z + 14 + 47*z**2 + 2*z**3 - z**2. What are the prime factors of n(-38)?
2, 5, 13
Let h(j) = 5190*j - 450. List the prime factors of h(3).
2, 3, 5, 7
Suppose -14 = 5*c - 4. Let q(w) = 1 + 3*w - 15*w**3 - 15*w**3 - 16*w**3 - 16*w**3 + 61*w**3 + 2*w**2. List the prime factors of q(c).
11
Let o(n) = -8*n**3 - 84*n**2 - 18*n + 119. Let b(t) = 3*t**3 + 28*t**2 + 6*t - 40. Let l(w) = -11*b(w) - 4*o(w). List the prime factors of l(28).
2, 3, 11
Let x = 109766 + -51156. What are the prime factors of x?
2, 5, 5861
What are the prime factors of 49035 + (-4 - -2) + (7 - 2)?
2, 3, 11, 743
Let w = -519 - -505. Let t = w + 27. List the prime factors of t.
13
Suppose -5*o + 23366 = 4566. Suppose -4*r + 2*s + o = 0, -3*r + 3*s + 1366 + 1457 = 0. What are the prime factors of r?
3, 313
Let y = -12849 - -12875. What are the prime factors of y?
2, 13
Let v(u) = 9560*u**2 - 64*u + 117. List the prime factors of v(2).
3, 12743
List the prime factors of -11 + -10497*12/(-18).
3, 17, 137
Let g(z) = 2*z**3 + 4*z**2 - z + 432. Let a = 126 + -126. List the prime factors of g(a).
2, 3
Suppose 0 = 2*u - 87 - 143. Let o be 510/65 - (-2)/13. Suppose -3*g - 3*h = -o*g + u, h = 0. List the prime factors of g.
23
Let z = -759 - -1722. What are the prime factors of z + 4/(-14) + (-228)/133?
31
Suppose -3095 = -3*h - 2*r, 442 = -h + 2*r + 1463. Suppose 2851 = 8*j - h. List the prime factors of j.
5, 97
Let x = 1574 + 634. What are the prime factors of x?
2, 3, 23
Suppose 0 = -40*u + 140094 + 104626. What are the prime factors of 3/18 - u/(-12)?
2, 3, 5, 17
Let d(w) = -7*w - 74. Let f be d(-11). List the prime factors of ((-5)/(200/(-576)))/(f/50).
2, 3, 5
Let m = 1869 + -1554. What are the prime factors of m?
3, 5, 7
Let i = 25737 + -14708. What are the prime factors of i?
41, 269
Suppose t - 2*u - 2285 - 4076 = 0, 0 = 4*u - 24. List the prime factors of t.
6373
Let d = -2703 - -3474. List the prime factors of d.
3, 257
Let n(r) = 6*r**2 + 246*r + 913. List the prime factors of n(-101).
37273
Let j = -48609 - -79006. What are the prime factors of j?
113, 269
Let c(z) = z**3 - 47*z**2 + 73*z - 86. What are the prime factors of c(47)?
3, 5, 223
Let n = 1 + 4. Suppose 3*f - 2*f = 3*x - 1, 3*f + n*x = 25. Suppose 0 = -f*o + 150 + 35. List the prime factors of o.
37
Let r = 55 - -26. Let d = r - 75. List the prime factors of d.
2, 3
Suppose -3*h - 2*v + 0*v = 125, -2*h + v = 74. Let k = h + 42. Suppose k*b = 0, 130 = 2*l + 7*b - 2*b. What are the prime factors of l?
5, 13
Suppose -72*z - 992435 = -2915065 - 3576802. List the prime factors of z.
17, 4493
Suppose 4*f + q - 1 = 59, -5*f + 75 = 3*q. Let z be f/25 - (-472)/(-20). Let n = -4 - z. What are the prime factors of n?
19
Suppose 2104 = -19*j + 23*j - 4*d, 0 = j + 3*d - 514. List the prime factors of j.
523
Suppose 3*z - 2*x - 37758 = 0, 0*z + z - 4*x = 12596. List the prime factors of z.
2, 11, 13
Let i(v) = -v**3 - 12*v**2 + 21*v + 39. Let c be -16*(0/7 + 1). What are the prime factors of i(c)?
727
Suppose -2*r + 97 = i, -5*r - i + 265 = -3*i. Let q = r + -39. Suppose -4*m = -5*z - q + 68, -48 = -5*z + 2*m. List the prime factors of z.
2
Suppose -k = 3*k. Suppose -4*d - d - d = k. Let o = d + 5. List the prime factors of o.
5
Suppose -2*a = -7*a + 1125. List the prime factors of a - 2 - (4 - -1).
2, 109
Let w(z) = 6*z**2 - 5*z - 1. Let s be w(4). Suppose -5*a + 8*r + s = 3*r, -a + 4*r + 27 = 0. Let p(g) = 2*g + 26. What are the prime factors of p(a)?
2, 3
Let i = 398 - 392. List the prime factors of (-2)/(-28)*i + (-57101)/(-77).
2, 7, 53
List the prime factors of 36/63 + (4 - (-339865)/35 - -3).
2, 43, 113
Suppose 2 + 26 = 2*q. Let f(m) = 9 + 15*m**2 + 5*m - q + 5. What are the prime factors of f(-2)?
2, 5
Let h = -102 - -170. Let u = h + -66. Let k(y) = 37*y**2 - 2*y - 3. List the prime factors of k(u).
3, 47
Let n(i) = i**3 + 16*i**2 + 8*i - 8. Suppose 81*a - 79*a = -14. List the prime factors of n(a).
13, 29
Let q = -24832 - -39360. Suppose 99*b - q = 35*b. What are the prime factors of b?
227
Suppose -8178 = -2*w + y, 9458 = 2*w + 5*y + 1256. List the prime factors of w.
4091
Let r(t) = t**3 - 14*t**2 + 16*t + 92. What are the prime factors of r(24)?
2, 1559
Suppose -22 = 3*a - 2*l, -2*a + 0*a - 2*l = 8. Let h(t) = 4*t**2 + 5*t - 17. List the prime factors of h(a).
97
Suppose 2*y + 5*j - 4 = 0, -y = 10*j - 7*j - 4. Let t(l) = l**3 + 10*l**2 + 12. List the prime factors of t(y).
2, 5, 7
Suppose -334 = -5*p + 3*p - 4*l, -313 = -2*p + 3*l. Suppose 3*h - 361 = -3*f + p, 3*h - 184 = -f. Let d = -87 + f. What are the prime factors of d?
2, 41
Let o(m) = 414*m + 1133. What are the prime factors of o(4)?
2789
What are the prime factors of (200/(-75))/((-72)/1427814)?
2, 137, 193
Suppose 9*v - 1592 - 3295 = 0. List the prime factors of (5 - -2) + (v - -17).
3, 7
Let s = 44035 - 25799. List the prime factors of s.
2, 47, 97
Let o be (80/(-25))/((-18)/(-6975)). Let s = 2317 + o. List the prime factors of s.
3, 359
Let p(d) = 744*d - 425. List the prime factors of p(12).
11, 773
Let u be 0 + 2/(-5)*-5. Let g(l) = 2*l**2 + 1. Let h be g(u). Let m = h + -4. What are the prime factors of m?
5
Let d(a) = a**3 + 2*a**2 - 4*a + 1. Let h be d(4). Suppose -33 = 3*j + h. Let y = j - -70. List the prime factors of y.
2
Let f(c) = -c**3 + 11*c**2 - 10*c + 5. Let x be f(10). Suppose -3*r + 8 = x*a, 2*a + 2*r - 3 = r. What are the prime factors of 6 - 1 - (a - 21)?
5
Let b(x) = 3*x**2 + 2*x + 1. Let f be b(-5). Let o = f - -160. What are the prime factors of o?
2, 113
Suppose -4*z = 6*z - 1760. Suppose z + 198 = 11*n. Suppose -l + 142 + n = 0. List the prime factors of l.
2, 11
Let k(d) = 2*d**2 + 6*d + 8. Let t be k(-4). Let n be (16/4 - 1) + t. Let m = 114 - n. What are the prime factors of m?
5, 19
Let b(p) = 218*p - 6040. What are the prime factors of b(30)?
2, 5
Let l(p) = 3*p**3 - 31*p**2 - 2*p + 99. List the prime factors of l(16).
3, 491
Let r = -79 - -117. Let o = r + -33. Let t = o - -37. List the prime factors of t.
2, 3, 7
Suppose -16*s + 14*s + 2*h + 10914 = 0, 10909 = 2*s + 3*h. What are the prime factors of s?
2, 11, 31
Let u = -25391 - -46174. List the prime factors of u.
7, 2969
Suppose 22*w = 21*w - 81. Let z = -80 - w. List the prime factors of 2*z + (-2320)/(-16).
3, 7
Let o(s) = -3*s - 14. Let f be o(-8). Suppose -8 = 2*i + 2*z - 4, -5*z - f = 2*i. Suppose i = 10*u - 13*u + 879. What are the prime factors of u?
293
Let x(u